e greatest common divisor of 1 and 90803?
1
Calculate the highest common divisor of 232 and 32828.
116
What is the greatest common factor of 27511 and 8651?
41
Calculate the greatest common divisor of 630830 and 70.
10
Calculate the highest common divisor of 25973 and 665.
19
Calculate the highest common divisor of 110 and 37180.
110
Calculate the greatest common factor of 9835 and 10815.
35
Calculate the highest common factor of 870 and 27144.
174
Calculate the greatest common divisor of 22 and 153967.
11
What is the highest common divisor of 1272 and 1447112?
424
Calculate the highest common factor of 32 and 262308.
4
Calculate the greatest common factor of 111 and 222259.
37
What is the greatest common divisor of 9232 and 13271?
577
Calculate the greatest common divisor of 175796 and 284.
284
Calculate the highest common divisor of 227 and 317346.
227
Calculate the greatest common factor of 3772 and 874.
46
Calculate the highest common divisor of 2710 and 781835.
1355
Calculate the highest common factor of 16038 and 648.
162
Calculate the greatest common factor of 12 and 12492.
12
What is the greatest common divisor of 32636 and 1312?
164
What is the highest common divisor of 27 and 174144?
3
What is the greatest common factor of 3040 and 99560?
760
What is the greatest common divisor of 32232377 and 1493?
1493
What is the highest common divisor of 37901 and 17969?
151
What is the highest common divisor of 8 and 5701?
1
What is the greatest common factor of 4512 and 6486?
282
What is the highest common factor of 7595 and 18755?
155
What is the greatest common divisor of 325 and 14521?
13
Calculate the greatest common factor of 7452 and 83145.
69
Calculate the greatest common divisor of 6465 and 60.
15
What is the highest common factor of 88 and 10647692?
44
What is the highest common divisor of 59882 and 1896?
158
Calculate the highest common factor of 3170 and 80.
10
Calculate the highest common factor of 1003332 and 1089.
363
What is the greatest common divisor of 171912 and 1856?
232
Calculate the highest common factor of 1188 and 3996.
108
What is the highest common divisor of 200 and 15300?
100
Calculate the greatest common divisor of 808 and 202303.
101
What is the highest common factor of 40066 and 368?
46
What is the greatest common factor of 31209 and 3?
3
Calculate the highest common divisor of 592593 and 848.
53
What is the highest common factor of 20 and 6075?
5
Calculate the greatest common factor of 46 and 32407.
23
What is the greatest common factor of 1221 and 726?
33
Calculate the highest common factor of 121 and 1186042.
121
Calculate the greatest common divisor of 17672 and 16.
8
Calculate the greatest common factor of 23 and 259003.
23
Calculate the highest common divisor of 500 and 343180.
20
What is the highest common factor of 25 and 3905?
5
Calculate the greatest common factor of 2133 and 1026.
27
Calculate the greatest common divisor of 63420 and 196.
28
What is the highest common factor of 2100952 and 56?
56
What is the greatest common factor of 1149628 and 1336?
668
Calculate the highest common divisor of 82576 and 24.
8
Calculate the highest common divisor of 3740 and 642620.
220
Calculate the highest common factor of 92 and 176686.
46
Calculate the greatest common divisor of 12180 and 16849.
203
What is the highest common factor of 8586 and 3726?
162
Calculate the greatest common divisor of 760 and 987620.
380
What is the greatest common factor of 8 and 6878?
2
What is the greatest common factor of 55 and 400?
5
Calculate the highest common factor of 441 and 81018.
63
What is the greatest common divisor of 211404 and 158?
158
What is the highest common divisor of 327 and 7303?
109
Calculate the greatest common divisor of 200487 and 189.
21
Calculate the highest common factor of 189 and 11004.
21
What is the greatest common divisor of 9424 and 1408?
16
Calculate the highest common factor of 15162156 and 18.
18
Calculate the highest common divisor of 697444 and 7502.
242
What is the highest common factor of 6 and 393522?
6
Calculate the greatest common factor of 12252 and 1071029.
1021
What is the greatest common divisor of 54351 and 495?
99
What is the greatest common factor of 27 and 204741?
27
What is the highest common factor of 9806 and 4?
2
Calculate the highest common factor of 63798 and 279.
93
Calculate the highest common divisor of 2666 and 774.
86
What is the highest common factor of 260 and 91520?
260
What is the highest common factor of 19 and 6880717?
19
Calculate the highest common factor of 2144448 and 64.
64
Calculate the highest common factor of 184 and 3208.
8
What is the highest common divisor of 147126 and 372?
186
What is the highest common factor of 52 and 47151?
13
Calculate the highest common factor of 7154 and 3650.
146
What is the greatest common factor of 3660168 and 612?
204
Calculate the highest common divisor of 189232 and 108.
4
What is the highest common divisor of 734 and 46?
2
Calculate the greatest common factor of 18 and 132120.
18
Calculate the highest common factor of 207 and 34155.
207
Calculate the highest common factor of 11410 and 23198.
14
Calculate the greatest common divisor of 9228128 and 14.
14
Calculate the highest common factor of 657 and 118041.
219
Calculate the highest common factor of 1037 and 1647.
61
Calculate the highest common factor of 1591 and 645.
43
What is the greatest common factor of 110 and 40799?
11
Calculate the greatest common factor of 56 and 27678.
14
Calculate the highest common divisor of 2385 and 14283765.
2385
What is the highest common divisor of 18 and 5708?
2
What is the greatest common factor of 24 and 6918?
6
What is the greatest common factor of 61380 and 32868?
396
What is the highest common divisor of 136 and 32096?
136
Calculate the greatest common divisor of 128 and 533648.
16
Calculate the greatest common factor of 20172 and 276.
12
What is the greatest common factor of 256 and 6240?
32
Calculate the highest common factor of 46 and 86.
2
What is the highest common divisor of 547435 and 875?
35
Calculate the highest common factor of 864 and 491256.
72
What is the greatest common factor of 399 and 2751?
21
What is the greatest common divisor of 74791 and 87?
29
What is the greatest common divisor of 315 and 22635?
45
Calculate the greatest common divisor of 4212 and 10829.
13
What is the highest common divisor of 245586 and 134871?
2013
Calculate the greatest common factor of 228125 and 2500.
625
Calculate the greatest common divisor of 6040 and 49160.
40
Calculate the greatest common divisor of 10350 and 7360.
230
Calculate the highest common divisor of 208637 and 143.
143
Calculate the greatest common factor of 25 and 253705.
5
What is the greatest common factor of 3326 and 9973011?
1663
Calculate the highest common divisor of 22167 and 81.
27
Calculate the greatest common divisor of 8203 and 39.
13
Calculate the greatest common divisor of 847302 and 9339.
849
What is the highest common factor of 792 and 111408?
264
Calculate the highest common divisor of 36 and 549.
9
What is the greatest common divisor of 27522 and 1764466?
3058
Calculate the greatest common factor of 168 and 1384.
8
What is the highest common factor of 25750 and 391915?
515
Calculate the highest common factor of 868667 and 82.
41
Calculate the highest common divisor of 12 and 166308.
12
What is the greatest common factor of 105897 and 363?
33
Calculate the greatest common divisor of 5535 and 4325049.
1107
Calculate the highest common factor of 2120 and 149672.
424
What is the highest common factor of 64 and 8152?
8
Calculate the highest common divisor of 18 and 173583.
9
Calculate the greatest common factor of 23334 and 15.
3
What is the greatest common divisor of 2069480 and 190?
190
Calculate the greatest common divisor of 28 and 52388.
28
What is the greatest common factor of 216 and 55782?
54
What is the highest common divisor of 2600 and 14600?
200
Calculate the highest common factor of 455 and 118495.
65
What is the highest common divisor of 684 and 3816?
36
What is the greatest common factor of 104653 and 1603?
229
What is the greatest common divisor of 1565 and 515?
5
What is the greatest common factor of 12290 and 10?
10
Calculate the highest com